{"id":272,"date":"2025-05-29T09:28:04","date_gmt":"2025-05-29T09:28:04","guid":{"rendered":"https:\/\/s3x.com.br\/shop\/?post_type=product&#038;p=272"},"modified":"2025-05-29T09:28:04","modified_gmt":"2025-05-29T09:28:04","slug":"anel-peniano-com-estimulador-para-clitoris-em-silicone-9-vibracoes-recarregavel-via-usb-cora-rosa","status":"publish","type":"product","link":"https:\/\/s3x.com.br\/shop\/produto\/anel-peniano-com-estimulador-para-clitoris-em-silicone-9-vibracoes-recarregavel-via-usb-cora-rosa\/","title":{"rendered":"Anel Peniano com Estimulador para Clit\u00f3ris em Silicone, 9 Vibra\u00e7\u00f5es Recarreg\u00e1vel via USB Cora Rosa"},"content":{"rendered":"<h2 class=\"subtitle-custom\"><strong>O que \u00e9 Anel Peniano com Estimulador para Clit\u00f3ris em Silicone, 9 Vibra\u00e7\u00f5es Recarreg\u00e1vel via USB Cora Rosa?<\/strong><\/h2>\n<p class=\"txt-description-custom\">O\u00a0<strong>anel peniano<\/strong>\u00a0Cora possui orelhas de gatinho, ideal para\u00a0<strong>estimular o clit\u00f3ris<\/strong>\u00a0da sua parceira. Abaixo do anel, uma pequena sali\u00eancia simulando o rabo do gatinho pode\u00a0<strong>estimular o \u00e2nus<\/strong>. Ele tamb\u00e9m conta com um vibrador com 9 modos de vibra\u00e7\u00e3o.<\/p>\n<p>&nbsp;<\/p>\n<h2 class=\"subtitle-custom\"><strong>Para que serve?<\/strong><\/h2>\n<p class=\"txt-description-custom\">Pode ser usado para relaxar a qualquer momento com a masturba\u00e7\u00e3o\u00a0<strong>estimulando o clit\u00f3ris<\/strong>\u00a0com as poderosas vibra\u00e7\u00f5es. Tamb\u00e9m pode ser usado a dois, em uma rela\u00e7\u00e3o, seja para variar a vida sexual do casal ou para explorar novas sensa\u00e7\u00f5es.<\/p>\n<p>&nbsp;<\/p>\n<h2 class=\"subtitle-custom\"><strong>Como Usar?<\/strong><\/h2>\n<p class=\"txt-description-custom\">Abra a embalagem, retire seu produto e antes de utiliz\u00e1-o pela primeira vez, higienize-o com sabonete neutro. Seque com papel toalha descart\u00e1vel ou deixe secar naturalmente. Para maior durabilidade de seu gatinho, repita este procedimento a cada uso. Obrigat\u00f3rio que a primeira carga seja de 3 horas, isso garante o correto funcionamento do aparelho. Para ligar\/desligar, pressione o bot\u00e3o power por 3 segundos e pelo mesmo bot\u00e3o alterne as pulsa\u00e7\u00f5es, tanto no produto como no controle.<br \/>\nUtilize um pouco de\u00a0<strong>lubrificante<\/strong>\u00a0\u00e0 base de \u00e1gua para facilitar a penetra\u00e7\u00e3o.<\/p>\n","protected":false},"excerpt":{"rendered":"<p>O\u00a0<strong>anel peniano<\/strong>\u00a0Cora possui orelhas de gatinho, ideal para\u00a0<strong>estimular o clit\u00f3ris<\/strong>\u00a0da sua parceira. Abaixo do anel, uma pequena sali\u00eancia simulando o rabo do gatinho pode\u00a0<strong>estimular o \u00e2nus<\/strong>. Ele tamb\u00e9m conta com um vibrador com 9 modos de vibra\u00e7\u00e3o.<\/p>\n","protected":false},"featured_media":273,"template":"","meta":[],"product_brand":[],"product_cat":[25],"product_tag":[],"class_list":{"0":"post-272","1":"product","2":"type-product","3":"status-publish","4":"has-post-thumbnail","6":"product_cat-vibradores-e-estimuladores","8":"first","9":"instock","10":"sale","11":"taxable","12":"shipping-taxable","13":"purchasable","14":"product-type-simple"},"jetpack_sharing_enabled":true,"_links":{"self":[{"href":"https:\/\/s3x.com.br\/shop\/wp-json\/wp\/v2\/product\/272","targetHints":{"allow":["GET"]}}],"collection":[{"href":"https:\/\/s3x.com.br\/shop\/wp-json\/wp\/v2\/product"}],"about":[{"href":"https:\/\/s3x.com.br\/shop\/wp-json\/wp\/v2\/types\/product"}],"wp:featuredmedia":[{"embeddable":true,"href":"https:\/\/s3x.com.br\/shop\/wp-json\/wp\/v2\/media\/273"}],"wp:attachment":[{"href":"https:\/\/s3x.com.br\/shop\/wp-json\/wp\/v2\/media?parent=272"}],"wp:term":[{"taxonomy":"product_brand","embeddable":true,"href":"https:\/\/s3x.com.br\/shop\/wp-json\/wp\/v2\/product_brand?post=272"},{"taxonomy":"product_cat","embeddable":true,"href":"https:\/\/s3x.com.br\/shop\/wp-json\/wp\/v2\/product_cat?post=272"},{"taxonomy":"product_tag","embeddable":true,"href":"https:\/\/s3x.com.br\/shop\/wp-json\/wp\/v2\/product_tag?post=272"}],"curies":[{"name":"wp","href":"https:\/\/api.w.org\/{rel}","templated":true}]}}