{"id":250,"date":"2025-05-29T07:19:08","date_gmt":"2025-05-29T07:19:08","guid":{"rendered":"https:\/\/s3x.com.br\/shop\/?post_type=product&#038;p=250"},"modified":"2026-04-06T18:14:58","modified_gmt":"2026-04-06T18:14:58","slug":"vibrador-bullet-silencioso-controlado-pelo-celular-via-bluetooth-sem-fio-e-recarregavel","status":"publish","type":"product","link":"https:\/\/s3x.com.br\/shop\/produto\/vibrador-bullet-silencioso-controlado-pelo-celular-via-bluetooth-sem-fio-e-recarregavel\/","title":{"rendered":"Vibrador Bullet Silencioso Controlado Pelo Celular Via Bluetooth Sem Fio e Recarreg\u00e1vel"},"content":{"rendered":"<p><span class=\"sc-dcJsrY jZKEso\" data-testid=\"product-detail-title\">Vibrador Bullet Silencioso Controlado Pelo Celular Via Bluetooth Sem Fio e Recarreg\u00e1vel<\/span><\/p>\n<div class=\"sc-iGgWBj jEOEJZ sc-gCRolh ezUBZx\" data-testid=\"product-detail-description\">\n<div class=\"sc-iGgWBj eWtIHQ sc-tQeVH cxBDOJ\" data-testid=\"rich-content-container\">\n<p>Pretty Love Abner \u00e9 um vibrador em formato de c\u00e1psula, feito em silicone de alta qualidade de toque aveludado.<\/p>\n<p>O Abner \u00e9 super moderno e pode ser controlado por Smartphone, via App de forma f\u00e1cil.<\/p>\n<p>Possui 12 modos de vibra\u00e7\u00e3o pr\u00e9-determinados, mais 1 modo de vibra\u00e7\u00e3o livre neste modo voc\u00ea utiliza a tele do smartphone como painel de cria\u00e7\u00e3o, pois voc\u00ea que ir\u00e1 determinar o jeito que ele vai vibrar e tamb\u00e9m possui o modo de m\u00fasica onde as vibra\u00e7\u00f5es imitam a m\u00fasica que voc\u00ea colocar para tocar no smartphone!<\/p>\n<p>Todos estes recursos fazem com que voc\u00ea tenha uma experi\u00eancia muito excitante como voc\u00ea jamais experimentou.<\/p>\n<p>Perfeito para uma brincadeira em um lugar com outras pessoas, no shopping, reuni\u00e3o, restaurante, ou em qualquer lugar que voc\u00ea desejar, gra\u00e7as ao sistema bluetooth tem um alcance de at\u00e9 5 metros sem barreira.<\/p>\n<p>Material: Silicone.<\/p>\n<p>Tipo de bateria: Recarreg\u00e1vel via USB\/Tomada.<\/p>\n<p>Medidas: 7,5 cm de comprimento, 3 cm de espessura (medidas aproximadas).<\/p>\n<p>Higieniza\u00e7\u00e3o: Lavar com \u00e1gua e sab\u00e3o neutro antes e ap\u00f3s o uso, evite molhar o compartimento de recarga. Seque com papel toalha ou deixe secar naturalmente. Ap\u00f3s higieniza-lo, coloque novamente em sua embalagem de origem. N\u00e3o compartilhar e n\u00e3o expor a temperatura superior a 50\u00b0C.<\/p>\n<p>Cuidados: Higienize sempre antes e ap\u00f3s o uso;<\/p>\n<p>N\u00e3o compartilha;<\/p>\n<p>Mantenha fora do alcance de crian\u00e7as;<\/p>\n<p>Manter ao abrigo do calor e luz excessiva;<\/p>\n<p>Ap\u00f3s o uso, guardar em uma embalagem de pl\u00e1stico, n\u00e3o enrole em papel;<\/p>\n<p>Recomenda\u00e7\u00f5es: Recomenda-se o uso de lubrificante.<\/p>\n<p>Compat\u00edvel com Android e IOS e controlado por Smartphone via Bluetooth at\u00e9 5 metros sem barreira.<\/p>\n<p>Modo de uso:<\/p>\n<p>Iphone: Para quem possui Iphone ou Smartphone com sistema IOS, v\u00e1 at\u00e9 a App Store, digite na busca Pretty Love, baixa o app, ap\u00f3s baixar o app voc\u00ea ter\u00e1 que ir at\u00e9 ajustes, geral e gerenciamento de dispositivo, l\u00e1 voc\u00ea ir\u00e1 autoriza o app a funcionar, ap\u00f3s isto feito ligue o bluetooth do seu smartphone e no vibrador aperte o bot\u00e3o de ligar at\u00e9 a bolinha da ponta do vibrador acender, ele ainda n\u00e3o ir\u00e1 vibrar, abra o app no smartphone, l\u00e1 aperte start searching com o bluetooth ligado, pronto em segundos ele ir\u00e1 reconhecer o vibrador ai \u00e9 s\u00f3 come\u00e7ar a divers\u00e3o.<\/p>\n<p>Android: Baixa algum app leitor de c\u00f3digo QR, abre esse app e escanei o QR Code, ele automaticamente ira de levar para a p\u00e1gina para baixar o app, ap\u00f3s baixar ao abrir o app ele ir\u00e1 pedir que voc\u00ea autorize o funcionamento do app, feito isso ligue o bluetooth do seu smartphone e no vibrador aperte o bot\u00e3o de ligar at\u00e9 a bolinha da ponta do vibrador acender, ele ainda n\u00e3o ir\u00e1 vibrar, abra o app no smartphone, l\u00e1 aperte start searching com o bluetooth ligado, pronto em segundos ele ir\u00e1 reconhecer o vibrador ai \u00e9 s\u00f3 come\u00e7ar a divers\u00e3o.<\/p>\n<\/div>\n<\/div>\n","protected":false},"excerpt":{"rendered":"<p>Possui 12 modos de vibra\u00e7\u00e3o pr\u00e9-determinados, mais 1 modo de vibra\u00e7\u00e3o livre neste modo voc\u00ea utiliza a tele do smartphone como painel de cria\u00e7\u00e3o, pois voc\u00ea que ir\u00e1 determinar o jeito que ele vai vibrar e tamb\u00e9m possui o modo de m\u00fasica onde as vibra\u00e7\u00f5es imitam a m\u00fasica que voc\u00ea colocar para tocar no smartphone!<\/p>\n","protected":false},"featured_media":251,"template":"","meta":[],"product_brand":[],"product_cat":[25],"product_tag":[],"class_list":{"0":"post-250","1":"product","2":"type-product","3":"status-publish","4":"has-post-thumbnail","6":"product_cat-vibradores-e-estimuladores","8":"first","9":"instock","10":"sale","11":"taxable","12":"shipping-taxable","13":"purchasable","14":"product-type-simple"},"jetpack_sharing_enabled":true,"_links":{"self":[{"href":"https:\/\/s3x.com.br\/shop\/wp-json\/wp\/v2\/product\/250","targetHints":{"allow":["GET"]}}],"collection":[{"href":"https:\/\/s3x.com.br\/shop\/wp-json\/wp\/v2\/product"}],"about":[{"href":"https:\/\/s3x.com.br\/shop\/wp-json\/wp\/v2\/types\/product"}],"wp:featuredmedia":[{"embeddable":true,"href":"https:\/\/s3x.com.br\/shop\/wp-json\/wp\/v2\/media\/251"}],"wp:attachment":[{"href":"https:\/\/s3x.com.br\/shop\/wp-json\/wp\/v2\/media?parent=250"}],"wp:term":[{"taxonomy":"product_brand","embeddable":true,"href":"https:\/\/s3x.com.br\/shop\/wp-json\/wp\/v2\/product_brand?post=250"},{"taxonomy":"product_cat","embeddable":true,"href":"https:\/\/s3x.com.br\/shop\/wp-json\/wp\/v2\/product_cat?post=250"},{"taxonomy":"product_tag","embeddable":true,"href":"https:\/\/s3x.com.br\/shop\/wp-json\/wp\/v2\/product_tag?post=250"}],"curies":[{"name":"wp","href":"https:\/\/api.w.org\/{rel}","templated":true}]}}