{"id":23,"date":"2025-04-11T17:02:11","date_gmt":"2025-04-11T17:02:11","guid":{"rendered":"https:\/\/s3x.com.br\/shop\/?p=23"},"modified":"2025-05-29T05:59:25","modified_gmt":"2025-05-29T05:59:25","slug":"lubrificante-blow-girl","status":"publish","type":"product","link":"https:\/\/s3x.com.br\/shop\/produto\/lubrificante-blow-girl\/","title":{"rendered":"BLOW GIRL-Mix de gel e creme beij\u00e1vel com aroma irresist\u00edvel de morango com creme."},"content":{"rendered":"<h3 data-start=\"209\" data-end=\"246\"><strong data-start=\"216\" data-end=\"246\">Caracter\u00edsticas Principais<\/strong><\/h3>\n<ul data-start=\"248\" data-end=\"865\">\n<li data-start=\"248\" data-end=\"298\">\n<p data-start=\"250\" data-end=\"298\"><strong data-start=\"250\" data-end=\"259\">Marca<\/strong>: <span class=\"relative -mx-px my-[-0.2rem] rounded px-px py-[0.2rem] transition-colors duration-100 ease-in-out\">Hot Flowers<\/span><\/p>\n<\/li>\n<li data-start=\"299\" data-end=\"350\">\n<p data-start=\"301\" data-end=\"350\"><strong data-start=\"301\" data-end=\"311\">Volume<\/strong>: <span class=\"relative -mx-px my-[-0.2rem] rounded px-px py-[0.2rem] transition-colors duration-100 ease-in-out\">320 ml<\/span><\/p>\n<\/li>\n<li data-start=\"351\" data-end=\"403\">\n<p data-start=\"353\" data-end=\"403\"><strong data-start=\"353\" data-end=\"362\">Aroma<\/strong>: <span class=\"relative -mx-px my-[-0.2rem] rounded px-px py-[0.2rem] transition-colors duration-100 ease-in-out\">Morango com creme<\/span><\/p>\n<\/li>\n<li data-start=\"404\" data-end=\"458\">\n<p data-start=\"406\" data-end=\"458\"><strong data-start=\"406\" data-end=\"417\">Textura<\/strong>: <span class=\"relative -mx-px my-[-0.2rem] rounded px-px py-[0.2rem] transition-colors duration-100 ease-in-out\">Mix de gel e creme beij\u00e1vel<\/span><\/p>\n<\/li>\n<li data-start=\"459\" data-end=\"510\">\n<p data-start=\"461\" data-end=\"510\"><strong data-start=\"461\" data-end=\"469\">Base<\/strong>: <span class=\"relative -mx-px my-[-0.2rem] rounded px-px py-[0.2rem] transition-colors duration-100 ease-in-out\">Aquosa, facilitando a limpeza<\/span><\/p>\n<\/li>\n<li data-start=\"511\" data-end=\"573\">\n<p data-start=\"513\" data-end=\"573\"><strong data-start=\"513\" data-end=\"532\">Compatibilidade<\/strong>: <span class=\"relative -mx-px my-[-0.2rem] rounded px-px py-[0.2rem] transition-colors duration-100 ease-in-out\">Segura para uso com preservativos<\/span><\/p>\n<\/li>\n<li data-start=\"574\" data-end=\"630\">\n<p data-start=\"576\" data-end=\"630\"><strong data-start=\"576\" data-end=\"589\">Aplica\u00e7\u00e3o<\/strong>: <span class=\"relative -mx-px my-[-0.2rem] rounded px-px py-[0.2rem] transition-colors duration-100 ease-in-out\">Corpo, virilha e regi\u00f5es \u00edntimas<\/span><\/p>\n<\/li>\n<li data-start=\"631\" data-end=\"865\">\n<p data-start=\"633\" data-end=\"650\"><strong data-start=\"633\" data-end=\"649\">Propriedades<\/strong>:<\/p>\n<ul data-start=\"653\" data-end=\"865\">\n<li data-start=\"653\" data-end=\"694\">\n<p data-start=\"655\" data-end=\"694\"><span class=\"relative -mx-px my-[-0.2rem] rounded px-px py-[0.2rem] transition-colors duration-100 ease-in-out\">Beij\u00e1vel e comest\u00edvel em pequenas quantidades<\/span><\/p>\n<\/li>\n<li data-start=\"697\" data-end=\"738\">\n<p data-start=\"699\" data-end=\"738\"><span class=\"relative -mx-px my-[-0.2rem] rounded px-px py-[0.2rem] transition-colors duration-100 ease-in-out\">Hidratante e hipoalerg\u00eanico<\/span><\/p>\n<\/li>\n<li data-start=\"741\" data-end=\"782\">\n<p data-start=\"743\" data-end=\"782\"><span class=\"relative -mx-px my-[-0.2rem] rounded px-px py-[0.2rem] transition-colors duration-100 ease-in-out\">Vegano e livre de a\u00e7\u00facar e gordura hidrogenada<\/span><\/p>\n<\/li>\n<li data-start=\"785\" data-end=\"865\">\n<p data-start=\"787\" data-end=\"865\"><span class=\"relative -mx-px my-[-0.2rem] rounded px-px py-[0.2rem] transition-colors duration-100 ease-in-out\">Sol\u00favel em \u00e1gua<\/span><\/p>\n<\/li>\n<\/ul>\n<\/li>\n<\/ul>\n","protected":false},"excerpt":{"rendered":"<p>BLOW GIRL<\/p>\n<p>Mix de gel e creme beij\u00e1vel com aroma irres\u00edstivel de morango com creme que d\u00e1 \u00e1gua na boca.<br \/>\nTorna o toque mais prazeroso e aveludado.<\/p>\n<p>Mode de Uso: Aplique uma grande qauntidade na m\u00e3o e massageie a regi\u00e3o desejada, depois s\u00f3 degustar.<\/p>\n<p>CONTE\u00daDO: 320ml<\/p>\n","protected":false},"featured_media":194,"template":"","meta":[],"product_brand":[],"product_cat":[29],"product_tag":[],"class_list":{"0":"post-23","1":"product","2":"type-product","3":"status-publish","4":"has-post-thumbnail","6":"product_cat-lubrificantes","8":"first","9":"instock","10":"sale","11":"taxable","12":"shipping-taxable","13":"purchasable","14":"product-type-simple"},"jetpack_sharing_enabled":true,"_links":{"self":[{"href":"https:\/\/s3x.com.br\/shop\/wp-json\/wp\/v2\/product\/23","targetHints":{"allow":["GET"]}}],"collection":[{"href":"https:\/\/s3x.com.br\/shop\/wp-json\/wp\/v2\/product"}],"about":[{"href":"https:\/\/s3x.com.br\/shop\/wp-json\/wp\/v2\/types\/product"}],"wp:featuredmedia":[{"embeddable":true,"href":"https:\/\/s3x.com.br\/shop\/wp-json\/wp\/v2\/media\/194"}],"wp:attachment":[{"href":"https:\/\/s3x.com.br\/shop\/wp-json\/wp\/v2\/media?parent=23"}],"wp:term":[{"taxonomy":"product_brand","embeddable":true,"href":"https:\/\/s3x.com.br\/shop\/wp-json\/wp\/v2\/product_brand?post=23"},{"taxonomy":"product_cat","embeddable":true,"href":"https:\/\/s3x.com.br\/shop\/wp-json\/wp\/v2\/product_cat?post=23"},{"taxonomy":"product_tag","embeddable":true,"href":"https:\/\/s3x.com.br\/shop\/wp-json\/wp\/v2\/product_tag?post=23"}],"curies":[{"name":"wp","href":"https:\/\/api.w.org\/{rel}","templated":true}]}}